ens digit of 3794887?
8
What is the millions digit of 15899083?
5
What is the ten thousands digit of 480897?
8
What is the units digit of 1379007?
7
What is the thousands digit of 1827643?
7
What is the hundreds digit of 721029?
0
What is the ten thousands digit of 240725?
4
What is the ten thousands digit of 181154?
8
What is the ten thousands digit of 2678189?
7
What is the hundreds digit of 576993?
9
What is the ten thousands digit of 138032?
3
What is the millions digit of 1878264?
1
What is the hundreds digit of 404196?
1
What is the hundred thousands digit of 1363913?
3
What is the hundred thousands digit of 619244?
6
What is the hundred thousands digit of 771744?
7
What is the units digit of 201195?
5
What is the millions digit of 3706840?
3
What is the units digit of 353144?
4
What is the units digit of 314879?
9
What is the hundreds digit of 3152055?
0
What is the thousands digit of 8542589?
2
What is the tens digit of 7541831?
3
What is the thousands digit of 115511?
5
What is the hundreds digit of 176318?
3
What is the ten thousands digit of 312430?
1
What is the tens digit of 31012?
1
What is the millions digit of 2015430?
2
What is the units digit of 52988?
8
What is the hundred thousands digit of 298330?
2
What is the units digit of 6723571?
1
What is the units digit of 2344300?
0
What is the units digit of 644980?
0
What is the units digit of 189649?
9
What is the hundred thousands digit of 2942858?
9
What is the thousands digit of 1143157?
3
What is the thousands digit of 30895167?
5
What is the units digit of 686740?
0
What is the millions digit of 1003981?
1
What is the units digit of 1348721?
1
What is the units digit of 324830?
0
What is the hundred thousands digit of 486124?
4
What is the units digit of 954892?
2
What is the hundreds digit of 10717046?
0
What is the hundreds digit of 5533724?
7
What is the units digit of 9555815?
5
What is the hundreds digit of 3782289?
2
What is the units digit of 4561178?
8
What is the hundred thousands digit of 701313?
7
What is the thousands digit of 408292?
8
What is the hundreds digit of 1775375?
3
What is the ten millions digit of 25479581?
2
What is the hundred thousands digit of 2481293?
4
What is the units digit of 282706?
6
What is the units digit of 3351407?
7
What is the ten millions digit of 11269516?
1
What is the tens digit of 2275308?
0
What is the thousands digit of 16129619?
9
What is the hundreds digit of 1216872?
8
What is the thousands digit of 8072643?
2
What is the tens digit of 3869149?
4
What is the ten thousands digit of 433291?
3
What is the millions digit of 5186037?
5
What is the tens digit of 11171?
7
What is the hundred thousands digit of 22590780?
5
What is the millions digit of 8792372?
8
What is the hundreds digit of 2624640?
6
What is the tens digit of 147164?
6
What is the tens digit of 216660?
6
What is the thousands digit of 280380?
0
What is the hundreds digit of 1613172?
1
What is the hundreds digit of 33438?
4
What is the millions digit of 1042585?
1
What is the hundreds digit of 51567?
5
What is the hundred thousands digit of 116272?
1
What is the hundreds digit of 80202?
2
What is the hundreds digit of 68671?
6
What is the ten thousands digit of 1097505?
9
What is the thousands digit of 2149967?
9
What is the units digit of 284823?
3
What is the units digit of 1888745?
5
What is the ten thousands digit of 922575?
2
What is the ten thousands digit of 154184?
5
What is the tens digit of 949400?
0
What is the ten thousands digit of 3084351?
8
What is the ten millions digit of 14993464?
1
What is the hundreds digit of 204712?
7
What is the units digit of 6036283?
3
What is the thousands digit of 3607352?
7
What is the ten thousands digit of 603963?
0
What is the hundred thousands digit of 22629169?
6
What is the ten thousands digit of 511169?
1
What is the tens digit of 763799?
9
What is the hundred thousands digit of 5691150?
6
What is the ten thousands digit of 3799256?
9
What is the tens digit of 1441887?
8
What is the millions digit of 4152727?
4
What is the ten thousands digit of 2586687?
8
What is the ten thousands digit of 337493?
3
What is the thousands digit of 5997209?
7
What is the millions digit of 1842666?
1
What is the hundreds digit of 1813584?
5
What is the tens digit of 10820?
2
What is the hundred thousands digit of 503740?
5
What is the hundreds digit of 263454?
4
What is the units digit of 818869?
9
What is the millions digit of 3461170?
3
What is the ten thousands digit of 517440?
1
What is the tens digit of 312508?
0
What is the ten thousands digit of 268881?
6
What is the thousands digit of 4247252?
7
What is the tens digit of 312104?
0
What is the hundred thousands digit of 271199?
2
What is the thousands digit of 73123?
3
What is the millions digit of 6281995?
6
What is the units digit of 9181716?
6
What is the thousands digit of 1066959?
6
What is the ten thousands digit of 266866?
6
What is the tens digit of 1683378?
7
What is the hundred thousands digit of 1600096?
6
What is the ten thousands digit of 1997454?
9
What is the units digit of 92565?
5
What is the ten thousands digit of 1726394?
2
What is the millions digit of 14859577?
4
What is the units digit of 329951?
1
What is the tens digit of 1650093?
9
What is the units digit of 27119190?
0
What is the hundreds digit of 862603?
6
What is the hundreds digit of 260681?
6
What is the ten thousands digit of 147845?
4
What is the ten thousands digit of 13509?
1
What is the hundreds digit of 346188?
1
What is the hundred thousands digit of 4268928?
2
What is the units digit of 2953781?
1
What is the hundreds digit of 230830?
8
What is the ten thousands digit of 14048?
1
What is the ten thousands digit of 9386251?
8
What is the millions digit of 15339599?
5
What is the hundred thousands digit of 3636382?
6
What is the thousands digit of 596203?
6
What is the millions digit of 15579650?
5
What is the millions digit of 7288149?
7
What is the millions digit of 18199720?
8
What is the tens digit of 306695?
9
What is the hundreds digit of 921307?
3
What is the hundreds digit of 300505?
5
What is the hundreds digit of 18108707?
7
What is the tens digit of 83865?
6
What is the hundreds digit of 210257?
2
What is the thousands digit of 204304?
4
What is the hundred thousands digit of 11720733?
7
What is the tens digit of 584190?
9
What is the hundred thousands digit of 293465?
2
What is the millions digit of 3323604?
3
What is the hundreds digit of 1176773?
7
What is the units digit of 995804?
4
What is the hundreds digit of 662544?
5
What is the millions digit of 3148172?
3
What is the tens digit of 2077907?
0
What is the hundred thousands digit of 155983?
1
What is the hundreds digit of 65632?
6
What is the ten millions digit of 12889734?
1
What is the hundreds digit of 175878?
8
What is the hundred thousands digit of 7241281?
2
What is the millions digit of 2703213?
2
What is the hundred thousands digit of 136484?
1
What is the tens digit of 6660878?
7
What is the ten thousands digit of 1483178?
8
What is the hundred thousands digit of 8327033?
3
What is the tens digit of 4304305?
0
What is the thousands digit of 860684?
0
What is the ten thousands digit of 18019014?
1
What is the hundred thousands digit of 25332153?
3
What is the hundred thousands digit of 4457773?
4
What is the millions digit of 1322004?
1
What is the hundreds digit of 1187600?
6
What is the tens digit of 1653117?
1
What is the units digit of 721752?
2
What is the hundred thousands digit of 151613?
1
What is the ten thousands digit of 2710264?
1
What is the hundreds digit of 785299?
2
What is the units digit of 30421262?
2
What is the tens digit of 797135?
3
What is the units digit of 7730565?
5
What is the hundreds digit of 2002967?
9
What is the hundred thousands digit of 8278505?
2
What is the ten thousands digit of 10071932?
7
What is the hundreds digit of 4454251?
2
What is the hundreds digit of 687985?
9
What is the tens digit of 4468909?
0
What is the units digit of 890830?
0
What is the ten thousands digit of 9658509?
5
What is the ten millions digit of 11428325?
1
What is the hundreds digit of 24617048?
0
What is the hundreds digit of 1856529?
5
What is the tens digit of 12738923?
2
What is the tho